ite?
False
Is 6346183343 a prime number?
False
Is 20426038027 composite?
True
Is 159824897 prime?
True
Is 597030403 a prime number?
False
Is 26768964467 composite?
True
Is 3278718897 a composite number?
True
Is 3154539803 prime?
True
Is 15119105189 a prime number?
True
Is 135295032801 a composite number?
True
Is 1171427497 a composite number?
False
Is 50994445673 a prime number?
True
Is 998144951 a composite number?
False
Is 4776473123 prime?
True
Is 66221722267 prime?
False
Is 424147741 a composite number?
False
Is 13207116301 a prime number?
False
Is 57188035633 prime?
False
Is 2928031831 a prime number?
True
Is 2130237599 a composite number?
True
Is 7426426873 composite?
False
Is 1092920401 a composite number?
True
Is 406369729 a composite number?
True
Is 13838944447 a composite number?
True
Is 271765237 prime?
True
Is 16105402547 composite?
True
Is 209255947 prime?
False
Is 225097931 a composite number?
True
Is 27083035411 a composite number?
True
Is 319321019 prime?
True
Is 51334993471 a prime number?
True
Is 5493655157 composite?
False
Is 391459283 a composite number?
False
Is 101473237219 composite?
True
Is 65584269143 a prime number?
True
Is 11379943083 composite?
True
Is 4348659253 composite?
True
Is 5386525979 composite?
False
Is 443186123 prime?
True
Is 126724945427 a composite number?
True
Is 10813775993 a composite number?
True
Is 2817552467 composite?
True
Is 2720222867 a composite number?
True
Is 10176758 a prime number?
False
Is 5872367887 composite?
False
Is 7655585473 a composite number?
False
Is 4626221869 a composite number?
True
Is 2088500339 a composite number?
True
Is 51770325683 a composite number?
False
Is 374470553 prime?
True
Is 15941477381 a composite number?
True
Is 3707444627 prime?
True
Is 10216532957 a prime number?
False
Is 5367638987 a prime number?
True
Is 806797333 prime?
False
Is 24158679313 a composite number?
True
Is 281245001 composite?
True
Is 6455931787 a composite number?
False
Is 1256035387 composite?
False
Is 40713337283 prime?
False
Is 7315732273 a composite number?
False
Is 117235817 prime?
True
Is 375285221 composite?
False
Is 656351999257 a composite number?
False
Is 322565909 prime?
True
Is 2600974613 composite?
True
Is 572983393 prime?
False
Is 1424735489 prime?
True
Is 552018037 a composite number?
True
Is 11612748817 a prime number?
True
Is 1128747353 prime?
False
Is 1045719553 a composite number?
False
Is 29721583571 a prime number?
True
Is 732028831 composite?
True
Is 42725105821 composite?
False
Is 21103657427 a prime number?
True
Is 3281505677 a composite number?
False
Is 22382255993 composite?
False
Is 142844062859 a prime number?
True
Is 3083376707 prime?
False
Is 211000511 a composite number?
True
Is 16653473891 a composite number?
False
Is 53732828477 a composite number?
False
Is 18635382547 a prime number?
False
Is 516525797 prime?
True
Is 3025777513 composite?
True
Is 2806552121 a prime number?
False
Is 26975847403 a composite number?
False
Is 20028186679 prime?
True
Is 745661705 a prime number?
False
Is 1474042787 a prime number?
False
Is 1684707698 a composite number?
True
Is 57918917 a composite number?
True
Is 24657086357 prime?
False
Is 1943349997 prime?
True
Is 17171244679 a prime number?
True
Is 10365295831 prime?
False
Is 3112617127 a composite number?
False
Is 79060673 a prime number?
False
Is 612704273 a prime number?
True
Is 3880387417 prime?
True
Is 4513858369 prime?
True
Is 5366379143 composite?
False
Is 16508524243 prime?
False
Is 1488211073 a prime number?
True
Is 195536793757 prime?
False
Is 32212864109 a composite number?
False
Is 1796516849 a composite number?
False
Is 6897453751 a prime number?
True
Is 70629306883 a composite number?
True
Is 108744753101 a prime number?
True
Is 25685089 a prime number?
False
Is 12152089 a composite number?
True
Is 10364178181 composite?
True
Is 7153622033 a prime number?
False
Is 13910633327 composite?
True
Is 13084061849 a prime number?
False
Is 4115455117 a prime number?
False
Is 50139143 a composite number?
False
Is 23919345529 a prime number?
True
Is 65518779013 a prime number?
True
Is 113777959 prime?
False
Is 952125793 a composite number?
False
Is 4170578873 composite?
True
Is 54289238191 a composite number?
False
Is 3603119561 a prime number?
True
Is 116398711879 a composite number?
False
Is 35995330433 composite?
True
Is 6545056993 a composite number?
True
Is 27799379507 composite?
False
Is 4185341933 a composite number?
False
Is 2065660061 prime?
False
Is 237735601 a composite number?
True
Is 1737657527 a prime number?
False
Is 4125811619 prime?
True
Is 1321711637 a composite number?
False
Is 319749503 a prime number?
True
Is 5853023391 prime?
False
Is 113835422089 a prime number?
True
Is 331809389 a composite number?
False
Is 6546488471 a prime number?
True
Is 125104979 a prime number?
False
Is 826311641 prime?
True
Is 8147513191 a prime number?
False
Is 38782296739 a composite number?
False
Is 5289077609 a composite number?
True
Is 698611187 prime?
True
Is 109829767 a composite number?
False
Is 2199296653 composite?
True
Is 225498773 composite?
True
Is 89230797263 composite?
True
Is 431403923 prime?
False
Is 2814443393 prime?
True
Is 35701418957 composite?
True
Is 4450389467 a composite number?
True
Is 125030933 composite?
False
Is 8706539831 a prime number?
False
Is 43176461 a composite number?
True
Is 2322863995 a prime number?
False
Is 19766531203 prime?
False
Is 232012289 composite?
False
Is 7322789701 prime?
True
Is 237650565037 a composite number?
False
Is 3716815811 prime?
False
Is 5381144609 a composite number?
False
Is 11805391291 a prime number?
True
Is 256775501 a composite number?
False
Is 4850475149 a prime number?
False
Is 581948327 a prime number?
True
Is 3133954027 prime?
False
Is 112185847 a prime number?
True
Is 470115137 prime?
True
Is 2160342449 prime?
True
Is 15291228739 a prime number?
False
Is 2725701203 a composite number?
False
Is 8380877 a prime number?
True
Is 15815030837 composite?
True
Is 6813903 composite?
True
Is 1691995243 composite?
True
Is 61922244733 composite?
True
Is 2260698311 a composite number?
False
Is 3794164937 prime?
True
Is 59981304061 composite?
True
Is 4798588537 a composite number?
False
Is 1749744427 composite?
True
Is 175531087 a prime number?
False
Is 1014793411 a composite number?
True
Is 1746601247 composite?
True
Is 765714949 a composite number?
False
Is 727799073 a composite number?
True
Is 2579222251 prime?
True
Is 1232511743 composite?
True
Is 48157169 a composite number?
True
Is 569074687 a composite number?
False
Is 44800842971 a prime number?
False
Is 124214681 a composite number?
False
Is 2712181931 prime?
False
Is 803646061 composite?
True
Is 8403295723 prime?
True
Is 3206512427 prime?
True
Is 5636995257 a prime number?
False
Is 888626717 a prime number?
False
Is 1865954785 composite?
True
Is 4870937549 a prime number?
False
Is 9275850569 composite?
False
Is 17417685137 a composite number?
False
Is 24131434469 a prime number?
False
Is 22970054213 a prime number?
False
Is 1117627853 a prime number?
False
Is 167363831 prime?
True
Is 20359072581 a prime number?
False
Is 3343695059 composite?
False
Is 5412881761 prime?
False
Is 22087668677 composite?
True
Is 34656751 a prime number?
False
Is 64582575431 prime?
False
Is 1149701029 composite?
True
Is 32755255259 composite?
True
Is 1326810341 prime?
False
Is 4859415553 composite?
False
Is 994364257 composite?
True
Is 1412078483 prime?
True
Is 317267218 composite?
True
Is 769515433 composite?
False
Is 4210217 prime?
False
Is 1760718313 prime?
True
Is 190182256403 a prime number?
True
Is 27877324369 a composite number?
True
Is 1345534287 a prime number?
False
Is 2561246411 prime?
True
Is 42886213883 composite?
False
Is 221698903 a composite number?
False
Is 3148139182 prime?
False
Is 11039271466 a prime number?
False
Is 5074515281 a prime number?
False
Is 5680722869 a prime number?
True
Is 19908857 a composite number?
False
Is 2189883391 a prime number?
False
Is 15064874845 a composite number?
True
Is 1617192287 a prime number?
False
Is 2326717847 prime?
True
Is 7110041171 a composite number?
True
Is 152993471209 a composite number?
True
Is 51350272597 a composite number?
True
Is 481819827 a prime number?
False
